 -10*g + 85 = -5*g. Let t(f) = 2 + 11*f - 2 - 2 - 1. Let q be t(8). Calculate the highest common factor of q and g.
17
Suppose -4*r - 182 = -2*h, 62 = 3*h + 5*r - 189. Suppose -h = -5*u + 233. What is the highest common divisor of u and 16?
16
Let u = -8 + 11. Suppose 45*l - 7*l - 76 = 0. Calculate the highest common factor of u and l.
1
Let i be 787 - (7 - (-3 + -4 - -9)). What is the highest common divisor of i and 46?
46
Let n = -73 + 64. Let r be 1/(-9) - 10/n. Calculate the greatest common factor of r and 6.
1
Let d be (30/(-25))/((-9)/(-60)*-2). Let a(i) = i**2 - i - 1. Let o be a(d). What is the greatest common divisor of o and 121?
11
Suppose 47*c + 15 = 52*c. Suppose c*q = -q + 540. Calculate the greatest common divisor of q and 15.
15
Let j(y) be the first derivative of y**4/4 + y**3 + y**2 + y + 1. Let k be j(-1). What is the highest common factor of 2 and k?
1
Let c = 289 - 193. Suppose -5*a = -9*a + c. Calculate the highest common divisor of a and 72.
24
Let w be 171/399*-2*49/(-2). Calculate the highest common divisor of 69 and w.
3
Let w(u) = 313*u**2 - u + 2. Let l be w(-3). Let s be l/(-10) - (-2)/10. Let q = s + 408. Calculate the highest common factor of 14 and q.
14
Suppose -5 + 1 = -4*o. Let k = 6 + o. Let n = k + 2. What is the greatest common factor of n and 18?
9
Let u be 3 + 108 + -5 + 0. What is the greatest common factor of u and 2?
2
Let p(i) = -i**3 + 18*i**2 - 14*i - 35. Let c be p(17). Calculate the highest common factor of c and 28.
4
Suppose 3*w - 6 = j, 5*w + 44 = -5*j + 14. Let l be 15/10 + (-15)/j. What is the highest common divisor of 6 and l?
2
Suppose -3*r = -z - 12, -3*r = -4*z - r + 2. Suppose z*p - 2*j + 8 = 158, 0 = -j. Calculate the greatest common divisor of 10 and p.
10
Let x be (2816/5)/(((-7)/(-10))/7). Calculate the greatest common divisor of 44 and x.
44
Let t = -185 - -199. Let f(y) = -43*y - 1. Let b be f(-1). Calculate the greatest common factor of t and b.
14
Let a(l) = -2*l**2 - 12*l - 7. Let c be a(-5). Calculate the highest common factor of 96 and c.
3
Suppose 0*u = -2*u + 18. Let g = 21 + u. Calculate the highest common divisor of g and 6.
6
Suppose -4 = -h - 6. Let u(s) = 14*s**2 + s + 2. Let j be u(h). Let v be (j/20)/((-1)/(-25)). What is the highest common factor of 7 and v?
7
Suppose -64 - 181 = -35*s. Calculate the greatest common divisor of s and 5.
1
Let j(o) = -9*o**3 - 6 - 7*o**3 - o**2 - 6*o + 27*o**3 - 10*o**3. Let r be j(5). Calculate the highest common divisor of 16 and r.
16
Let c be 3*(-3)/(-9) - -5. Let v = 10 - c. Suppose 0 = v*f + 4*o - 980, -f - o = 2*o - 251. Calculate the greatest common divisor of f and 22.
22
Let g(u) = 4748*u - 112. Let d be g(1). What is the greatest common divisor of 38 and d?
38
Let r(d) = -d**3 + 21. Let l be r(0). Let n = l - 15. What is the greatest common divisor of 30 and n?
6
Let x(n) = 36*n + 8. Let q be (-792)/(-110) + (-1)/5. Let b be x(q). What is the greatest common divisor of b and 20?
20
Let d = -27 - -36. Let m be -2*(-1 - d/3). Calculate the highest common divisor of m and 52.
4
Let d = 291 + -209. Calculate the highest common factor of d and 1066.
82
Let w be -4 + 360/(-9)*1/(-2). What is the greatest common divisor of 244 and w?
4
Suppose -14*a + 819 = 7*a. What is the greatest common divisor of 52 and a?
13
Let z(s) = 9*s**3 - 6*s**2 - 4*s + 32. Let a be z(4). Calculate the greatest common divisor of a and 62.
62
Let t = -218 + 132. Let h = t + 170. What is the greatest common factor of h and 21?
21
Suppose 0 = 2*t + 2*n - 108, 3*n = 2*t + n - 96. Calculate the highest common divisor of t and 255.
51
Suppose -2*a + 32 = -108. Let p be (-49)/35*5/(-2)*4. What is the greatest common factor of p and a?
14
Let w(t) = 3*t + 4*t**3 + 3 - 5 + 3*t**3 - 2*t**3. Let j be w(1). What is the highest common factor of j and 12?
6
Let t(j) = j**3 - 5*j**2 - 5*j - 1. Let x be t(6). Suppose -9 = x*w + 16. Let g be w*(0 - (-9)/(-15)). What is the greatest common factor of 12 and g?
3
Let j(d) = -2*d - 1. Let c be j(-3). Suppose 10*s + 6*s = -144. Let h be 2 + 2/(-2) - s. What is the greatest common divisor of h and c?
5
Suppose -11 = u - 13. Suppose -2*h = 3*s - 181, u*h = 4*s - 3*h - 272. What is the greatest common divisor of s and 42?
21
Let h(i) = -22*i - 520. Let x be h(-25). What is the greatest common factor of 2865 and x?
15
Suppose -18 = -i - 4*s, -109 = -5*i - 4*s - 51. Suppose -2*x = -o - 2*o + 242, 4*o - 325 = 5*x. What is the highest common factor of i and o?
10
Let x(u) = -3*u + 31. Let i be x(10). Let k = 37 + -17. Let z = k + -12. Calculate the greatest common factor of z and i.
1
Let p(q) = -8*q - 6. Let z be p(-3). Let d(k) = k + 4. Let i(x) = -x**2 + 8*x - 2. Let g be i(8). Let s be d(g). What is the greatest common divisor of z and s?
2
Let x(n) be the third derivative of -n**4/4 - 26*n**3/3 - 38*n**2. Let b be x(-14). Calculate the greatest common divisor of b and 2.
2
Suppose 37*u + 10 = 42*u. Let d be (10/35)/(u/28). Calculate the highest common divisor of d and 44.
4
Suppose 125 = 5*b - 4*w, 2*b - 4*w - 46 = -8. Suppose 0 = -p + 27 + b. What is the greatest common factor of p and 84?
28
Let q be 45/2*(-8)/6. Let s = -16 + 2. Let k = s - q. What is the highest common factor of k and 8?
8
Let m(d) = -d**3 + 41*d**2 - 86*d + 166. Let l be m(37). What is the highest common divisor of 123 and l?
123
Suppose 0 = -138*n + 141*n - 990. What is the highest common divisor of n and 30?
30
Let g(s) = s**2 - 12*s + 12. Let i be g(16). Suppose -4*t - 5*r + i = 0, 2*t - 30 = -t + 3*r. Calculate the greatest common divisor of t and 56.
14
Suppose -51*y + 50*y + 95 = 0. What is the greatest common factor of y and 15?
5
Suppose 2*s + 0 = 192. Suppose -22*z + 18*z = -s. What is the highest common divisor of 6 and z?
6
Suppose -s = -9*s + 24. Let t be (2 - 2) + s + 10. What is the greatest common factor of t and 143?
13
Suppose -4 + 25 = q. Calculate the highest common factor of 3 and q.
3
Let i be (-4 + 2)/(2/(-2)). Suppose -5*s = -i*x + 7*x + 70, 5*x - 5*s + 30 = 0. Let l be (-258)/x - (-1)/5. Calculate the greatest common factor of l and 26.
26
Let q = 154 + -82. Let l = 35 + -34. Let x = l - -7. Calculate the highest common divisor of x and q.
8
Suppose 4*g - 9 = -29. Let r be (-760)/(-35) + (g/7 - -1). What is the highest common divisor of 11 and r?
11
Let k(y) = 67*y - 39. Let q be k(1). Calculate the highest common factor of q and 980.
28
Let z be -6*2/(-48) - (-1189)/(-4). Let t be ((-26)/(-6) - 1)/((-6)/z). Calculate the greatest common factor of 15 and t.
15
Let z be (-2)/(-11) + (-430)/(-55). Let i be 20/z*(0 + -6). Let w be 256/10 - i/(-25). Calculate the highest common factor of w and 275.
25
Let z(l) = -9*l - 1. Let j be z(-1). Suppose j = -4*k + 4. Let v = 8 - k. Calculate the greatest common divisor of v and 63.
9
Let p = -7 + 9. Suppose 0*z - p*z = -10. Suppose -z*g + 9 = -26. Calculate the highest common factor of g and 1.
1
Let f(k) = -4*k**2 - 4*k - 4. Let s be f(-3). Let v be (s/(-35))/(2/20). Let o be 4*6*(-1)/(-12). What is the highest common divisor of v and o?
2
Let u = -30 + 75. Let h be (-61)/(-7) + (-8)/(-28). Let s = 14 - h. Calculate the highest common divisor of s and u.
5
Suppose 4*k + 3*j + 3894 = 9*k, -j + 2342 = 3*k. What is the highest common divisor of k and 24?
12
Let w(p) = 8*p**3 - 4*p**2 - 5*p - 3. Let j be w(-5). Let f be (-1 + -1)*j/28. Calculate the greatest common factor of 11 and f.
11
Let q = 833 - 78. Calculate the greatest common divisor of q and 604.
151
Suppose 4*t + 172 = -4*w, -3*t - 76 = -t - 3*w. Let n = t + 47. Calculate the greatest common divisor of 54 and n.
6
Let h be -2 + 1 + 25 + -2 + 6. What is the greatest common divisor of 28 and h?
28
Let w(y) = -y**3 + 11*y**2 - 3*y + 8. Let m be w(8). Let f be (4/(-6) + (-168)/(-36))*4. What is the highest common factor of m and f?
16
Let s(b) = 9*b**3 + 9*b**2 - 2. Let p be s(3). What is the highest common divisor of p and 28?
14
Let b(j) be the first derivative of j**3/3 - j**2 + 8*j - 6. Let n be b(4). Let f = -8 - -12. What is the greatest common divisor of n and f?
4
Suppose -4*n + 21 = -i, -2*i = -5*n + 15 + 12. Suppose -n*a = -0*a - 60. What is the highest common divisor of a and 6?
6
Suppose -3*z - 41 = -17. Let m be (-42)/(-5